3 - 3*s**2 - 4*s - 2. Let m be c(-2). Suppose -u - m*o + 7*o = 21, 4*o - 17 = u. What are the prime factors of u/(-2*(-1)/(-24))?
2, 3
Let v(s) = -s**2 + 36. Let u be v(0). Let p = -14 - -14. Suppose -3*g + 0*g + u = p. List the prime factors of g.
2, 3
Let t(a) = a**3 - 5*a**2 - 6*a + 9. Let z be (9/(-2))/((-9)/12). Let m be t(z). Suppose 0 = -2*v + v + m. What are the prime factors of v?
3
Let l(a) = a**2 - 6*a - 2. Let f be l(7). Suppose -f*b + 3*j + 130 = 0, -3*b = 4*j + 5 - 54. List the prime factors of b.
23
Let d be (-7)/3 + (-7)/(-21). Let i = d - -4. What are the prime factors of i?
2
What are the prime factors of 6/108*580 + 2/(-9)?
2
Let z(b) = b + 1. Suppose 5*f - 5*s + 10 = 0, -2*f = -6*f - 4*s - 16. Let r be 6 + 3/f + -1. What are the prime factors of z(r)?
5
Let f be -8 - (-2 + 2) - 1. Let r = 28 + f. What are the prime factors of r?
19
Suppose 4*c = 0, 5*w - 2*c = c + 10. Let a be (-6)/(-15) + w/(-5). Suppose 2 = -a*g + g. What are the prime factors of g?
2
Let k(x) = -x**3 - 3*x**2 - 3*x. List the prime factors of k(-4).
2, 7
Suppose 6 = -c + 1, -2*c - 40 = 5*h. Let u(y) = -4 - 5*y**2 - y**3 - 4 + 3*y + 0*y**2. What are the prime factors of u(h)?
2, 5
Let c = -18 + 34. List the prime factors of c.
2
Suppose 3*p = -5*n + 45, p = -p + n + 43. What are the prime factors of p?
2, 5
Suppose 0 = f + 37 + 6. Let v = f - -72. What are the prime factors of v?
29
Suppose 403 = 2*r + 3*i, 0*r + 4*r + i - 781 = 0. What are the prime factors of r?
2, 97
Let i(k) = -k + 37. Let n be i(0). Let o be -1*n*(-1 + 0). Let b = o + -26. List the prime factors of b.
11
Suppose -12 = -2*o - 4. Suppose -o*h + 119 - 14 = 5*g, -g = -5*h + 8. List the prime factors of g.
17
Let v be (-88)/(-6)*(-15)/10. Let i = v - -36. What are the prime factors of i?
2, 7
Let h = 23 + 123. What are the prime factors of h?
2, 73
Let f = 1 + 1. Suppose 0 = 5*n - 3*o + 4*o - 7, -f*o + 2 = 4*n. What are the prime factors of n?
2
Let y(i) = 23*i**3 + i**2 - i. Let s be y(1). Suppose -4*n + s = -41. Suppose -t = -2*c - n, t + 4 = -0*t - 2*c. What are the prime factors of t?
2, 3
Suppose 227 = 3*y - 436. Suppose -y = -4*w - 81. Let x = w + -23. What are the prime factors of x?
2, 3
Suppose -n - 41 = 59. What are the prime factors of (4/(-5))/(4/n)?
2, 5
Suppose -v + 0*v = 36. Let x = v - -25. Let o = x + 24. What are the prime factors of o?
13
Suppose 2*i = 33 + 347. List the prime factors of i.
2, 5, 19
Let n be 2/6 - 592/(-6). Let v = -52 + n. List the prime factors of v.
47
Let j be 12/54 + (-22)/18. List the prime factors of j/(-2*(-3)/(-66)).
11
Let w(f) = -f**3 - f**2 + 3*f. Suppose o + 1 = -0. Let z = -2 + o. List the prime factors of w(z).
3
Suppose 0 = -4*q + 4*j + 24, -3*q + j + 17 = -j. Suppose 16 = 2*i + 2*u, -q*i + 0*i + 80 = -5*u. What are the prime factors of i?
2, 3
Suppose 2*f - 3*f + 5 = 0. Suppose 2*x + 2*x = y - 22, f*y - 26 = -x. Suppose 17 - y = k. What are the prime factors of k?
11
Suppose 4*n = d + 236, 0 = 2*n - 4*n + 4. List the prime factors of 4/(-12) + d/(-9).
5
Suppose f = -f - 8. Suppose 4*c + 11 = -o, 0*o + 3*c = 2*o - 22. What are the prime factors of f/((-12)/o + 2)?
2, 5
Suppose n = -n + 6. What are the prime factors of 6/n*1 + 16?
2, 3
Suppose 2 = -0*k + k. Let q(n) = -k*n + 4 + 8*n**2 - n**3 - 3*n**2 - 1. List the prime factors of q(4).
11
Let m = -24 + 92. What are the prime factors of (m/(-6))/(2/(-9))?
3, 17
List the prime factors of ((-7)/14)/(1/(-122)).
61
Let u = 137 - 97. Suppose -u = -2*y - 2*y. List the prime factors of y.
2, 5
Suppose 9 + 16 = 5*z. Suppose 0 = -z*d + 2 + 18. Suppose 0 = -3*t - d*u + 57, 2*u - 63 = -4*t + u. List the prime factors of t.
3, 5
Let x be 2/(-10) - 2/(-10). Suppose -2*r + 16 = -x*r. What are the prime factors of r?
2
Suppose 0 = -3*p - 6, 2*p = 2*f + 5*p - 72. List the prime factors of f.
3, 13
Let s(u) = -1 - 4 + 0*u + 7*u**2 + u**3 - u. Let x be s(-7). Suppose 2*d = -f + 11 + 9, -x*f + 20 = 2*d. What are the prime factors of d?
2, 5
Let g be 25 + (6/2)/(-3). Let x = g - 10. Suppose -q = -3*u + x + 13, u + 4*q = 9. What are the prime factors of u?
3
Suppose 77 = 5*m - 3*g - 72, 3*m = -4*g + 72. List the prime factors of m.
2, 7
Suppose 0*v - 4 = -v. Suppose v*i = 1 + 131. Suppose i = 3*t - 0*t. List the prime factors of t.
11
Let z(p) = p**2 - 5*p - 4. Let f be z(6). List the prime factors of (f/(-2))/(2/(-34)).
17
List the prime factors of 7 + (-1 - (0 + -3)).
3
Let q = 47 + -3. List the prime factors of q.
2, 11
Let v(n) = -2*n**3 - n**2 + n + 2. What are the prime factors of v(-2)?
2, 3
Suppose 5*r + 4*y = 724, 2*y = -r - 3*r + 578. What are the prime factors of r?
2, 3
Let f be (1 + 0)/(-8 - -7). Let b = f - 0. List the prime factors of (-5 + 1)/(b + -1).
2
Let p = 17 + -7. Suppose -h + p = h. What are the prime factors of h?
5
Let l = -3 + 6. List the prime factors of l.
3
Suppose -16 = 3*s - 46. Suppose -5*u + s = -45. What are the prime factors of u?
11
What are the prime factors of (-3)/(-9)*(1 - -392)?
131
Let n(q) be the second derivative of -q**3/6 - q**2/2 + q. Let i be n(-10). Suppose 5*j + i = -2*f + 51, 0 = 3*f - 3. List the prime factors of j.
2
Let s(t) be the first derivative of 2*t**2 - 2*t + 1. What are the prime factors of s(5)?
2, 3
Suppose 0 = -5*q - 2 + 12. Let m = -51 - -61. Suppose q*k = -m + 36. What are the prime factors of k?
13
Suppose -252 = -7*o + 49. List the prime factors of o.
43
Let s = -115 - -217. What are the prime factors of s?
2, 3, 17
Let i(p) = -p**2 + 8*p. Let g(s) = -s**3 - 6*s**2 + 6*s - 1. Let l be g(-7). Let t be i(l). Suppose -5*h + t + 3 = 0. What are the prime factors of h?
3
Suppose 6*p + 4 = 2*p. Let t be p + ((-4)/(-2) - -1). Suppose -b + 6 + 10 = -5*w, -t*w - 28 = -4*b. What are the prime factors of b?
2, 3
Suppose -5*b = -14 - 6. Suppose -3*t - b*q + q + 21 = 0, 5*t - 51 = 3*q. List the prime factors of ((-6)/t)/(2/(-6)).
2
Suppose 0 = 6*j - 3*j - 12. Suppose 0 = -j*u + 3*p + 12, 4*u - 6*u + 3*p + 6 = 0. List the prime factors of u.
3
Let j(p) = 9*p**2 - 3*p - 4. What are the prime factors of j(3)?
2, 17
Suppose 29 - 146 = -3*l. List the prime factors of l.
3, 13
Suppose 0 = 2*r - 7*r + 1015. What are the prime factors of r?
7, 29
Suppose 5*c + 4 - 29 = 0. List the prime factors of c.
5
Suppose 0 = t - v - 11, t - 14 = -4*v + 17. List the prime factors of t.
3, 5
Let v(o) = -9*o + 12. Let a be v(-7). Let u = a - 54. List the prime factors of u.
3, 7
Let j = 7 + -5. Let l(r) = -4*r - 2. Let k be l(4). What are the prime factors of (j/(-3))/(4/k)?
3
Let s(y) = 42*y - 4. Let z(g) = -14*g + 1. Let m(q) = 2*s(q) + 7*z(q). What are the prime factors of m(-1)?
13
Let n(z) = -z**3 + 2*z**2 + z - 1. Let f be 0 + 2 - (-1 - -5). List the prime factors of n(f).
13
Suppose c + 0 - 8 = x, 5 = -5*x. What are the prime factors of c?
7
Let n = -113 - -159. What are the prime factors of n?
2, 23
Let n(h) = -h**3 - 6*h**2 + 8*h + 18. List the prime factors of n(-9).
3, 7
Suppose -f + 3*f = 2*i - 22, 9 = 3*f. List the prime factors of i.
2, 7
Let u(o) = -o**3 + o**2 + 3*o + 40. What are the prime factors of u(0)?
2, 5
Suppose -d = 5, 0*v - 2*d = v - 4. List the prime factors of v.
2, 7
Let g = 3 + -2. Let w = 4 - g. Suppose 0 = w*f - 0*p + 5*p - 40, 5*p = 5*f - 40. What are the prime factors of f?
2, 5
Let v(l) = -3*l**2 - l**3 + l**2 - 2*l - 2*l**2. List the prime factors of v(-4).
2
List the prime factors of 0/1 + -4 + 18.
2, 7
Suppose -148 = -2*a - 2*a. Let b = a + -12. List the prime factors of b.
5
Let h(n) = -8*n - 4. Let p be h(-4). Let b = p - 15. List the prime factors of b.
13
Suppose 2*p - 57 = 55. What are the prime factors of p?
2, 7
Suppose 4*k - 2*a - 20 = 0, -3*k = -4*a - 1 - 24. What are the prime factors of k?
3
Let t be ((-10)/6)/((-2)/(-6)). Let b(q) = -q**2 - 8*q - 6. What are the prime factors of b(t)?
3
Suppose 2*s - 21 = s. Suppose -s = -o - 7. What are the prime factors of o?
2, 7
Let i(h) = 19*h - 10. Let a be i(4). Suppose -c + a = 3*z - 4*c, -3*c = 5*z - 110. What are the prime factors of z?
2, 11
Let k = 7 - -236. List the prime factors of k.
3
Let c = -17 - -14. Let t(f) be the third derivative of f**6/120 + f**5/20 - f**4/8 - f**3/2 + f**2. List the prime factors of t(c).
2, 3
What are the prime factors of 28*12*(-2)/(-28)?
2, 3
